*f - 163 - 489 = 0. Let m = f + -189. What is the tens digit of m?
3
Let v be (-1483)/(-2) - 10/20. Suppose 5*d - 2*d = k - v, 0 = -k - 3*d + 735. What is the hundreds digit of k?
7
Suppose 23*f + 217 + 519 = 0. What is the units digit of (4 + f)*(-182)/49?
4
Suppose -4*x = 0, g + 2*x - 3 + 1 = 0. Suppose -l = -2*w + 13, -6*w + g*w - l = -29. What is the units digit of 19*(-1 - (4 - w))?
8
Let u(x) = x**3 + 21*x**2 + x + 2. Let b be u(-21). Let m(a) = -23*a + 186. What is the hundreds digit of m(b)?
6
Let i(c) = -c + 14. Let k be i(0). Suppose -3*w = -5*v + 51, 0 = w + 1 + 1. Suppose 340 = k*l - v*l. What is the units digit of l?
8
Suppose -5*t = 3*f - 5*f - 30, -4*f - 60 = 4*t. What is the hundreds digit of (-25)/f*7074/15?
7
Suppose 59450 = -162*y + 191*y. What is the thousands digit of y?
2
Let i(w) = w**2 + 7*w + 1. Let s be i(-9). Suppose 3*c - r = -3*r + 13, -c - s = -4*r. What is the units digit of c/(1 - 0) + 364/7?
3
What is the thousands digit of ((-144)/(-40))/(3/2190)?
2
Let d(b) = b - 3. Let a be d(6). Suppose a*f + f + 16 = 0. What is the tens digit of f + (-2 - (-126 - 3))?
2
Let w = 16186 - -25191. What is the hundreds digit of w?
3
Suppose -5*i = -9*i + 956. Suppose -i - 163 = -6*v. Suppose 4*x + v = 3*h, -5*h + 36 = -5*x - 69. What is the tens digit of h?
1
Let n(s) = s**2 - 3*s + 4. Let m be n(4). Suppose m*l - 273 = 7*l. Suppose -4*y = -l - 35. What is the units digit of y?
7
Let d be (250 + -4 - -4)*-1. What is the hundreds digit of ((-200)/d)/(2/1760)?
7
What is the units digit of (-4325)/(-10)*(-3078)/(-45) + -1?
2
Let c(b) = 17*b**3 + 8*b**2 + 58*b - 53. Let k(z) = -12*z**3 - 5*z**2 - 38*z + 35. Let d(u) = -5*c(u) - 7*k(u). What is the tens digit of d(-10)?
6
Let d be (-1)/(-4) - (55/(-20) - 1). Let t = 1 + d. Suppose 4 = y + 4*x, -y - 2 = -2*y - t*x. What is the tens digit of y?
1
Suppose 4 = -6*o + 40. Let m be 3006/15 - (-3)/((-45)/o). What is the units digit of m + 20/(-5) + 0?
6
What is the tens digit of (35 - 36)/(-1 + (-30)/(-32))?
1
Suppose 58*w - 34142 = 15*w. What is the tens digit of w?
9
Let o(n) = -3*n**2 - n**3 + 1 + 20*n - 8 - 19*n. Let l be o(-4). Suppose 0 = l*h + 5*c - 505, 0*h - 369 = -4*h + 3*c. What is the units digit of h?
6
Let p = 69 + -69. Suppose 3*n - 2*d - 389 = p, -3*n + d + 500 = 106. What is the units digit of n?
3
Let l = 202 + -194. Suppose 0 = h - 3*m - 260, -2*h - 4*m + 530 = -l*m. What is the tens digit of h?
7
Let n be 17/(-34) - 111/2. What is the units digit of (-6522)/(-7) + (-16)/n?
2
Let d be (4 - -1)*(0 + 63/15). Let x = d - 24. What is the tens digit of 0 + 1 - (x - 12)?
1
Suppose -14*l - 2*u + 22734 = -11*l, 2*u = 4*l - 30340. What is the thousands digit of l?
7
Suppose q - 9 = -3*o - 0*o, -2*q - 5*o = -16. Suppose 9*h - 2934 = -j, j = -q*j. What is the hundreds digit of h?
3
What is the hundreds digit of (-117)/27 + (-112)/(-48) - -7450?
4
Suppose 0 = -6*f + 82 - 52. Suppose f*g = 5*n + 3471 + 349, g = -5*n + 794. What is the units digit of g?
9
Suppose -5*o - 4*h + 81184 = 0, 5*o - 16244 = 4*o + h. What is the units digit of o?
0
Let v(u) = -3*u**3 - 3*u**2 + 6*u - 7. Let f be (-3 + 8)*(-4 + 0 - -3). What is the tens digit of v(f)?
6
Let g = -45162 - -100839. What is the units digit of g?
7
Let z(u) = u**3 + 25*u**2 - 48*u - 86. What is the hundreds digit of z(17)?
2
Suppose 190*a - 5468112 = 52*a. What is the hundreds digit of a?
6
Let d = 25650 - -14374. What is the units digit of d?
4
Suppose 0 = -4*u - 2*u + 18. Suppose -2*h = -v - 33, 0 = -5*h - u*v + 88 + 11. What is the tens digit of (-17 + h)*11*1?
1
Let h = 40 + 47. Suppose -88*q + 855 - 105 = 287*q. Suppose 4*r - h - 616 = 3*b, q*r + 5*b - 371 = 0. What is the tens digit of r?
7
Let c(k) be the second derivative of 1/6*k**3 - 1/20*k**5 + 18*k**2 + 1/12*k**4 + 7*k + 0. What is the tens digit of c(0)?
3
What is the hundreds digit of (-6)/(-45)*6 + (-460368)/(-240) + -1?
9
Suppose 5*d + 13 = -37. Let q be ((-5)/d)/(2/16). What is the units digit of (-2 - 7)/((-6)/q)?
6
Suppose -215228 = -14*j + 4387 - 33793. What is the hundreds digit of j?
2
Suppose -168 = -5*s - 2*s. Let m = -23 + s. Suppose 47 = 2*j - 3*t, 106 = 5*j + 5*t + m. What is the units digit of j?
2
Let a(p) = 95*p - 3. Let k(t) = 24*t - 1. Suppose 0 = -36*s + 41*s + 20. Let d(n) = s*a(n) + 18*k(n). What is the tens digit of d(2)?
9
Let r(o) = 2*o**2 + 12*o - 4. Let x be r(-5). What is the tens digit of ((-1020)/x)/((-18)/(-168))?
8
Suppose 0 = -4*u + 3*h + 176, -4*u + 180 = -5*h + 12. What is the units digit of (-15)/(-15) + 7*u?
0
Suppose -a + 1 + 2 = 0, 97 = -2*n - a. What is the hundreds digit of ((-9)/(-4))/(n/(-8200))?
3
Let l be (-1)/3*(15 + -18). What is the hundreds digit of (-9 + l)*(-9 - 41)?
4
Suppose 0 = -2*b - 5*f + 27, 4*f = -5*b - 0*f + 59. Let i(q) = -10*q**3 - 3*q**2 + 0*q**3 + 9*q - 3 + 0*q**3 - b*q. What is the tens digit of i(-2)?
6
Let x(g) be the second derivative of -g**5/20 + 23*g**4/12 + 31*g**3/6 - 8*g**2 + 146*g - 2. What is the hundreds digit of x(23)?
6
Let y = 565 + 15518. What is the tens digit of y?
8
Suppose -671617 = 40*b - 2023707 - 311670. What is the hundreds digit of b?
5
Suppose -4*k + 10 = -3*t + t, -2*t - 4*k + 22 = 0. What is the units digit of 4/(-12)*-3 - (-240)/t?
1
Let m(a) = -2734*a - 84. What is the tens digit of m(-1)?
5
Suppose -4*v = 3*m + 381, -4*v + 4*m - m = 411. Let a = v - -1108. What is the thousands digit of a?
1
Let m be (4/5)/((-2)/(-590)). Suppose 4*g = 2*k - m, -4*k - g + 427 = -0*k. What is the hundreds digit of k?
1
Let q = 101 + -101. Let f be (-2)/((-8)/20) - q. What is the units digit of (2 - (-2 + f)) + 101?
0
Suppose -2*y - 4*i - 4 = 0, -6*i - 2 = y - i. Let k be ((11 - 3) + y)/(-1). What is the tens digit of (-40)/(-60) + (-458)/k?
7
What is the hundreds digit of (-430)/(1*(-12)/48)?
7
Suppose -3 + 33 = 3*x. Suppose d - 32*d = 7*d + 3268. Let f = x - d. What is the units digit of f?
6
Suppose 61*a + 606042 = 115*a. What is the units digit of a?
3
Let l be (13599/45 - 7) + 117/65. Let a(y) = -y + 204. Let i be a(0). Let u = l - i. What is the tens digit of u?
9
Suppose 2*p - 66 = 8*p. Let i = -8 - p. Suppose -3 = -i*s + 189. What is the units digit of s?
4
Suppose -5*v = 3*f - 15628, -137*v + 138*v + 5212 = f. What is the units digit of f?
1
Let c(q) = 3*q - 24. Let v(t) = -t - 1. Let w(y) = c(y) + 5*v(y). Let d be w(-14). What is the tens digit of (21 + -1)/(d/(-4)*1)?
8
Let w = -488 - -490. Suppose -5*l = w*m - 388, 4*m - 5*m = l - 194. What is the hundreds digit of m?
1
Suppose -l = -1 - 3. Suppose 2*d + l*y = -32, 2*d = -5*y + 2*y - 30. What is the tens digit of -28*12*d/56?
7
Suppose -2*c - 4*i = -16, 5*c - 3*i = -5*i. Let m be (265/(-10) + 2)*c. What is the units digit of m/(1*(0 - -1))?
9
Let o(t) = 63*t**2 + 10*t + 31. Let d be o(-3). Let s = d + -543. What is the units digit of s?
5
Let u(w) = -7*w + 5 - w**2 - 14*w**2 + 17*w**2. Let g be u(3). Suppose -2*z + 8 = 0, -3*v + 892 = g*v + 3*z. What is the units digit of v?
6
Let p be (-34)/3*27/90*-5. Let l(z) = -2 + 17*z - 29*z - 4*z**3 - z**2 + p*z. What is the units digit of l(-3)?
2
Let n = -10 + 11. What is the units digit of (80/n)/1 + -53 + 51?
8
Suppose -13*c - 5*g + 57870 = -8*c, -4*c + 2*g = -46254. What is the units digit of c?
7
What is the thousands digit of (1852/8)/(((-10)/(-105))/((-24)/(-9)))?
6
Suppose 0 = -40*l - 5473 + 513. Let u = -656 - -951. Let p = u + l. What is the hundreds digit of p?
1
Suppose -39 = 5*d + 5*z - 3*z, -2*z = -6. What is the units digit of 507/6 - d/18?
5
Let v = 9601 + -4935. What is the thousands digit of v?
4
Suppose 0 = -a - z + 2, 0 = -18*a + 20*a - 4*z + 26. Let u(t) = -22*t**3 + t**2 + t + 8. What is the hundreds digit of u(a)?
6
Suppose 25*u - 21*u - 14092 = -4*t, 3*t = -4*u + 10571. Suppose -2*k = 5*v - 5920, -2*v + 5*v - t = 5*k. What is the units digit of v?
2
Let z = 75 + 2583. What is the units digit of z?
8
Suppose -19*w = -105*w + 590218. What is the tens digit of w?
6
Let p(a) = 472*a**2 - 6. Let v be p(2). Suppose -13*d - v - 614 = 0. Let j = -38 - d. What is the hundreds digit of j?
1
Let l be -2 + (-1)/(-1 - (-12)/13). Let d(p) = 8*p + 322 + p**3 - 667 + 332 + l*p**2. What is the units digit of d(-10)?
7
Let r(q) = 55*q**2 - 4*q - 1. Let u be r(-3). Let j(o) = 8*o**2